59
What are the prime factors of 86145?
3, 5, 5743
List the prime factors of 2040707.
347, 5881
List the prime factors of 589666.
2, 7, 11, 547
List the prime factors of 1055238.
2, 3, 175873
List the prime factors of 4512508.
2, 7, 11, 13, 23
What are the prime factors of 2388415?
5, 17, 28099
List the prime factors of 2192199.
3, 23, 31771
List the prime factors of 387820.
2, 5, 19391
What are the prime factors of 202196?
2, 50549
List the prime factors of 694663.
41, 16943
List the prime factors of 6487874.
2, 3243937
What are the prime factors of 1260819?
3, 7, 953
List the prime factors of 301652.
2, 13, 5801
What are the prime factors of 41066074?
2, 7, 2933291
What are the prime factors of 400709?
61, 6569
What are the prime factors of 109034?
2, 54517
List the prime factors of 17287827.
3, 17, 61, 5557
What are the prime factors of 317034?
2, 3, 19, 103
List the prime factors of 264347.
19, 13913
List the prime factors of 1594138.
2, 7, 13, 19, 461
List the prime factors of 191962.
2, 41, 2341
What are the prime factors of 117713?
53, 2221
List the prime factors of 10244204.
2, 2561051
What are the prime factors of 1854923?
7, 193, 1373
List the prime factors of 434011.
434011
List the prime factors of 2030658.
2, 3, 7, 6907
What are the prime factors of 100468?
2, 25117
List the prime factors of 7723449.
3, 858161
List the prime factors of 670484.
2, 167621
What are the prime factors of 412416?
2, 3, 179
List the prime factors of 192107.
31, 6197
What are the prime factors of 1205937?
3, 133993
List the prime factors of 1422441.
3, 17, 1033
What are the prime factors of 19133108?
2, 43, 173, 643
List the prime factors of 990558.
2, 3, 113, 487
List the prime factors of 174538.
2, 7, 13, 137
What are the prime factors of 161784?
2, 3, 7, 107
List the prime factors of 1193576.
2, 149197
List the prime factors of 3763954.
2, 53, 35509
List the prime factors of 154911.
3, 51637
What are the prime factors of 207586?
2, 271, 383
What are the prime factors of 7457418?
2, 3, 53, 7817
What are the prime factors of 111635?
5, 83, 269
List the prime factors of 4467135.
3, 5, 297809
What are the prime factors of 15985811?
15985811
What are the prime factors of 24091136?
2, 211, 223
What are the prime factors of 97575?
3, 5, 1301
List the prime factors of 154130.
2, 5, 15413
List the prime factors of 2710.
2, 5, 271
What are the prime factors of 1407855?
3, 5, 17, 5521
What are the prime factors of 372058?
2, 19, 9791
List the prime factors of 1299959.
151, 8609
What are the prime factors of 2578763?
11, 67, 3499
What are the prime factors of 268933?
7, 103, 373
What are the prime factors of 2660668?
2, 31, 43, 499
List the prime factors of 5391930.
2, 3, 5, 191, 941
What are the prime factors of 12144413?
12144413
What are the prime factors of 1963347?
3, 17, 137, 281
List the prime factors of 3544541.
7, 11, 13, 3541
What are the prime factors of 5890029?
3, 59, 107, 311
List the prime factors of 101164.
2, 7, 3613
What are the prime factors of 387286?
2, 41, 4723
List the prime factors of 15919337.
7, 31, 73361
List the prime factors of 859172.
2, 347, 619
What are the prime factors of 6802958?
2, 17, 200087
What are the prime factors of 116258?
2, 58129
List the prime factors of 24961963.
13, 199, 9649
What are the prime factors of 1756201?
229, 7669
List the prime factors of 1990811.
23, 101, 857
What are the prime factors of 4343383?
11, 61, 6473
List the prime factors of 17588896.
2, 13, 42281
What are the prime factors of 86042?
2, 11, 3911
What are the prime factors of 482170?
2, 5, 13, 3709
List the prime factors of 114574.
2, 57287
List the prime factors of 209808.
2, 3, 31, 47
What are the prime factors of 1099986?
2, 3, 19, 9649
List the prime factors of 604963.
701, 863
List the prime factors of 4207817.
271, 15527
List the prime factors of 14489326.
2, 811, 8933
What are the prime factors of 1962915?
3, 5, 107, 1223
List the prime factors of 5451663.
3, 7, 259603
List the prime factors of 139146.
2, 3, 7, 3313
List the prime factors of 437592.
2, 3, 18233
List the prime factors of 225981.
3, 7, 17, 211
What are the prime factors of 280874?
2, 11, 17, 751
List the prime factors of 21674943.
3, 47, 51241
List the prime factors of 5920042.
2, 631, 4691
What are the prime factors of 1852849?
37, 50077
What are the prime factors of 143699?
143699
What are the prime factors of 210691?
13, 19, 853
What are the prime factors of 386940?
2, 3, 5, 6449
List the prime factors of 553921.
553921
List the prime factors of 975876.
2, 3, 11, 7393
List the prime factors of 4818816.
2, 3, 47, 89
List the prime factors of 814051.
7, 116293
What are the prime factors of 253395?
3, 5, 1877
What are the prime factors of 991904?
2, 139, 223
List the prime factors of 408603.
3, 13, 10477
What are the prime factors of 655729?
67, 9787
What are the prime factors of 373903?
373903
What are the prime factors of 625385?
5, 19, 29, 227
List the prime factors of 4596226.
2, 73, 31481
What are the prime factors of 679058?
2, 163, 2083
List the prime factors of 18730263.
3, 673, 9277
What are the prime factors of 665020?
2, 5, 41, 811
What are the prime factors of 384148?
2, 137, 701
What are the prime factors of 6197991?
3, 2065997
What are the prime factors of 625291?
41, 101, 151
List the prime factors of 5880172.
2, 1470043
What are the prime factors of 1812356?
2, 7, 13, 383
List the prime factors of 849166.
2, 53, 8011
What are the prime factors of 1317861?
3, 181, 809
List the prime factors of 27048.
2, 3, 7, 23
What are the prime factors of 865735?
5, 13, 19, 701
What are the prime factors of 6331161?
3, 19, 31, 3583
What are the prime factors of 13244809?
1871, 7079
What are the prime factors of 13737651?
3, 73, 149, 421
List the prime factors of 272485.
5, 54497
List the prime factors of 21636558.
2, 3, 133559
List the prime factors of 172920.
2, 3, 5, 11, 131
What are the prime factors of 1503724?
2, 375931
What are the prime factors of 1855689?
3, 11, 53, 1061
What are the prime factors of 8583567?
3, 2861189
What are the prime factors of 1971115?
5, 394223
List the prime factors of 6555513.
3, 19, 47, 2447
List the prime factors of 4547303.
4547303
What are the prime factors of 2365155?
3, 5, 13, 311
List the prime factors of 621365.
5, 151, 823
What are the prime factors of 5394569?
5394569
List the prime factors of 1450915.
5, 290183
List the prime factors of 110217.
3, 36739
What are the prime factors of 766343?
17, 61, 739
What are the prime factors of 22679615?
5, 7, 17, 47, 811
List the prime factors of 1321745.
5, 264349
What are the prime factors of 16808747?
16808747
What are the prime factors of 9741550?
2, 5, 7, 13, 2141
What are the prime factors of 1848579?
3, 23, 73, 367
List the prime factors of 2540233.
31, 81943
What are the prime factors of 828633?
3, 13, 21247
What are the prime factors of 3553000?
2, 5, 11, 17, 19
List the prime factors of 144858.
2, 3, 7, 3449
List the prime factors of 271085.
5, 54217
List the prime factors of 9913525.
5, 396541
What are the prime factors of 1012696?
2, 103, 1229
What are the prime factors of 597983?
61, 9803
What are the prime factors of 245452?
2, 61363
List the prime factors of 229634.
2, 19, 6043
List the prime factors of 173423.
61, 2843
List the prime factors of 1860563.
149, 12487
List the prime factors of 356279.
7, 11, 661
What are the prime factors of 8755338?
2, 3, 83, 17581
What are the prime factors of 1824219?
3, 17, 11923
What are the prime factors of 28046096?
2, 13, 134837
What are the prime factors of 3293226?
2, 3, 182957
List the prime factors of 193999.
13, 14923
What are the prime factors of 28607?
28607
List the prime factors of 752108.
2, 7, 26861
What are the prime factors of 1076473?
1076473
What are the prime factors of 59692?
2, 14923
What are the prime factors of 2212905?
3, 5, 151, 977
What are the prime factors of 4659689?
4659689
List the prime factors of 124718.
2, 11, 5669
List the prime factors of 3588197.
41, 87517
What are the prime factors of 1505921?
19, 79259
List the prime factors of 340806.
2, 3, 79, 719
List the prime factors of 101644.
2, 25411
What are the prime factors of 7999735?
5, 1213, 1319
What are the prime factors of 29464?
2, 29, 127
What a